ainder when (3 - 24)/(-7) + (2 - -22)/4 is divided by k(8)?
2
Let i be -4*(-3)/72 - (-1)/(-6). Suppose b + 0*b + 3*f - 92 = i, -3*b + 262 = -5*f. What is the remainder when b is divided by 13?
11
Let h(m) = -10*m - 8. Let f be h(-1). Suppose -22 = -f*k - 5*q, 5*k + q - 38 = -3*q. Calculate the remainder when k is divided by 3 + (4/(-2))/(-2).
2
Let t be (-4548)/9*(-6)/4. Suppose 3*z - q = 459, -z - 4*q - t = -6*z. Let h = -10 + 49. What is the remainder when z is divided by h?
37
Let h be -12 - -8 - (-1 - 6). Suppose 4*k - h = 9. Suppose 5*q = k*q + 54. Calculate the remainder when q is divided by 5.
2
Let j be -2 - (-1 - -13)*(-17)/34. Suppose -j*w + 7 = 4*a - 41, -w + 39 = 4*a. Calculate the remainder when 34 is divided by a.
7
Suppose 0 = -532*o + 1189786 + 2042646. What is the remainder when o is divided by 80?
76
Suppose 3*z + 29 = 149. Suppose 11 = 2*o + 1. Suppose 2*b - q - q = z, o*b = q + 100. What is the remainder when 58 is divided by b?
18
Let y(w) = -w**3 + 34*w**2 - 5*w + 174. What is the remainder when 8 is divided by y(34)?
0
Let q be (481/26 - 10)/(2/76). Suppose -6*s + 1025 - q = 0. Suppose -b = -2*b + 17. Calculate the remainder when s is divided by b.
15
Let b(h) = h**3 + 15*h**2 - 17*h + 7. Let t be b(-16). Suppose -15 - t = -s. Calculate the remainder when 70 is divided by s.
32
Suppose -21*i - 67 + 33 = -517. Calculate the remainder when (-9711)/(-26)*(-4)/(-6) is divided by i.
19
Let c be 4 - 2/((-8)/180). Suppose c = 12*x + 1. Calculate the remainder when 0 - x - (-3)/(3/20) is divided by 7.
2
Let a(x) = 2*x**3 - 16*x**2 - 823*x + 5872. Let t(i) = 17*i**2 + 3*i - 1. Calculate the remainder when t(2) is divided by a(7).
8
Suppose -428 = -5*g + 72. Let p = g + -97. Suppose 17 = -p*i + 176. Calculate the remainder when i is divided by 14.
11
Let b(v) = 322*v - 3063. Calculate the remainder when b(12) is divided by 206.
183
Let t(q) = 125*q - 2. Let d(n) = 123*n - 4. Let w(h) = -5*d(h) + 4*t(h). Calculate the remainder when w(-5) is divided by 16.
11
Let z(g) = 5*g**3 - 3*g**2 + 6*g - 1. Let q(r) = -4*r**3 + 3*r**2 - 5*r + 1. Let y(s) = -3*q(s) - 2*z(s). Calculate the remainder when y(5) is divided by 38.
37
Suppose 361*a + 765 = 362*a + 5*q, -2*a + 5*q = -1500. Calculate the remainder when a is divided by 75.
5
What is the remainder when 7558 is divided by 0 + 97 - (-35)/(-14)*(-70)/(-25)?
88
Let k(s) be the first derivative of -129*s**4/4 + 4*s**3/3 + 3*s**2 + 2*s + 73. Calculate the remainder when k(-1) is divided by 47.
35
Suppose 4*k - 9*k = 3*q - 18, 0 = -2*k + 5*q + 32. Let a be (96/(-8))/(k/(-44)). Suppose -a = -2*b + 30. What is the remainder when b is divided by 26?
7
Let s be 7 - 4 - (110 - (-1 - 0)). Let u = s + 232. What is the remainder when u is divided by 14?
12
Let i(h) = 3*h**2 - 2*h + 4. Let q(u) = 39*u - 410. Let t be 5145/441 + 4/(-6). What is the remainder when i(-5) is divided by q(t)?
13
Suppose 7*j - 156 = 3*j - 5*k, 12 = 3*k. Suppose -5*p - 302 + 2302 = -d, 0 = 2*p + 4*d - 800. What is the remainder when p/4 + 0/(-1) is divided by j?
32
Let n = -3950 + 3987. What is the remainder when 12762 is divided by n?
34
Suppose -132*p + 5728 + 4052084 = 0. Calculate the remainder when p is divided by 14.
11
Suppose 81*n = -12228 + 10225 + 56840. Calculate the remainder when n is divided by 121.
72
Let n = 46 - 21. Let f be -6*n/90*-3. What is the remainder when 79 is divided by (-80)/28*(-2 - f)?
19
Let o(z) = -678*z - 14560. What is the remainder when o(-24) is divided by 156?
152
What is the remainder when 603 is divided by (1 - 9)*6171/(-242)?
195
Suppose -557 - 19 = -9*i. Calculate the remainder when 198 is divided by i.
6
Let o(b) = -b**3 - 62*b**2 + 123*b + 85. What is the remainder when o(-64) is divided by 45?
0
Let n(r) = -2*r. Let a(f) = -10*f + 83. Let l be a(8). Suppose l*o - 27 = -0*o. What is the remainder when o is divided by n(-2)?
1
Suppose 28*j = -1988 + 14000. What is the remainder when j is divided by 24?
21
Suppose 3*i = i + 184. Suppose 2604 = 61*m + 125*m. Calculate the remainder when i is divided by m.
8
Let g(l) = -3*l**3 - 19*l**2 + 94*l + 3. What is the remainder when 1460 is divided by g(-10)?
156
Suppose 2*g + 720 - 272 = 0. Let w = -179 - g. Calculate the remainder when w is divided by 10.
5
Suppose -31*a = -38*a - 308. Calculate the remainder when 116 is divided by (0 - a) + (-21 - -19).
32
Let d = -433 + 438. What is the remainder when ((-79)/d)/(1*3/(-45)) is divided by 17?
16
Let i(p) = 3*p**2 + p + 16. Let u be i(-4). Suppose u = 8*r - 84. Calculate the remainder when 28 is divided by r.
10
Suppose -12 = -2*a - 30*h + 33*h, 3*h + 6 = 0. Suppose a*f = 8*f - 2*s - 76, 3*f = 4*s + 54. Calculate the remainder when -53*2/4*-2 is divided by f.
11
Let w = -421 - -658. Suppose w*j - 242*j = -170. Calculate the remainder when 91 is divided by j.
23
What is the remainder when ((-365)/10)/(4 + 45/(-10)) is divided by 31?
11
Let j be 0 - 667/2 - (-66)/(-132). Let u = j + 378. Calculate the remainder when u is divided by 26.
18
Let p be (-34 + 32)*1/2. What is the remainder when 41 is divided by (5 + p)*(-33)/(-12)?
8
Let l be ((-28)/(-10) + (-1 - 1))*-5. Let c be (-1 + -9)*l/10. Suppose 2*w = -c*u, u = -4*w - 4*u + 15. What is the remainder when 39 is divided by w?
9
Suppose -r = -5*r + 35*r. Suppose 3*x - 69 + 39 = r. What is the remainder when x is divided by 6?
4
Suppose 0 = 4*c - 3*q - 218, 192 = -4*c - 2*q + 400. Calculate the remainder when 310 is divided by c.
45
Let p(j) = 12 + 52*j + 4 + 24*j**2 + 37 - 2*j**2 + 23*j**2. What is the remainder when p(-1) is divided by 10/(-2 + 0)*-2?
6
Suppose 11*z = 15*z - 1888. Suppose -90*f + z = -82*f. What is the remainder when f is divided by 9?
5
Let j = 6465 + -6124. Calculate the remainder when j is divided by 40.
21
Let w(m) = -30*m + 1163. Calculate the remainder when w(19) is divided by 46.
41
Suppose -6638*s + 6223 + 57809 = -6614*s. What is the remainder when s is divided by 40?
28
Let t = -18 + 23. Suppose -5*o = -2*x + 78, x - 44 = t*o - 0. Let g = -27 + x. What is the remainder when 32 is divided by g?
4
Let s = -262 + -23. Let g = 298 + s. Suppose -2*v + 3*d - 5*d = -42, 0 = v - 3*d - 37. Calculate the remainder when v is divided by g.
12
Suppose -12194 + 7098 = -20*k + 19224. Calculate the remainder when k is divided by 135.
1
Suppose -3*q - 21 = -4*q. Let c = 8785 + -8684. Calculate the remainder when c is divided by q.
17
Suppose -5*p - 10 = -r - 9*p, 2*p + 16 = 3*r. Let o(v) = -v**3 + 8*v**2 - v - 4. What is the remainder when o(r) is divided by 18?
8
What is the remainder when ((6/(-14))/((-4)/14))/(110/75240) is divided by 212?
178
Suppose -2*j + 4*j - 5*z = 177, 4 = -4*z. Let u = j - 83. Calculate the remainder when (u*(-2)/4)/((-9)/216) is divided by 8.
4
Suppose -39178*s + 39159*s = -361. What is the remainder when 773 is divided by s?
13
Let y(z) = 4*z**2 + 2*z + 1. Suppose -3*o - 6 = -9*n - 2*o + 49, 4*o + 40 = 0. What is the remainder when y(-6) is divided by n?
3
Suppose 17*n + 9*n = -39*n + 32890. What is the remainder when n is divided by 18?
2
Let t(k) = -k**2 + 33*k - 85. Suppose 53 = -16*g + 517. What is the remainder when 73 is divided by t(g)?
11
Suppose 3*j = 4*i - 0*i + 11, -2*j + 34 = 4*i. Suppose -59*u = -17*u - 84. Suppose -u*s + 777 = 731. What is the remainder when s is divided by j?
5
Let s be (3 - -3) + -4 + 3. Suppose 12 = -3*z - z - 2*g, 0 = 2*z - s*g + 30. What is the remainder when 15 is divided by (z + 6)*(-1 - 0)*-10?
5
Let l be 302/34 - -3*6/153. Suppose -5*k + 33 = -4*t, -l*k - 3*t + 45 = -5*k. What is the remainder when 88 is divided by k?
7
Suppose 240 = 18*g - 2*g. Suppose 0 = 46*o - 4018 - 2836. What is the remainder when o is divided by g?
14
Let d(u) = -u**3 - 12*u**2 + 11*u + 351. What is the remainder when d(-14) is divided by 16?
13
Let f = 1 + 2. Let p be 13 - (5 + -4 + -3). Suppose 2*m - p = -f. What is the remainder when 28 is divided by m?
4
Let w(d) = -39*d - 3436. Calculate the remainder when 113 is divided by w(-89).
8
Let p(b) = 3*b**2 - 80*b + 36. Suppose 243 = -7*t + 16*t. Calculate the remainder when p(t) is divided by 8.
7
Suppose -10*t + 32 = -178. Let n(m) = 203*m + 4. Let j be n(2). Suppose 2*g + 3*g - j = 0. Calculate the remainder when g is divided by t.
19
Wh